{"id":1002,"date":"2018-04-03T16:47:02","date_gmt":"2018-04-03T13:47:02","guid":{"rendered":"http:\/\/www.antbirlik.com.tr\/?page_id=1002"},"modified":"2018-04-03T16:47:02","modified_gmt":"2018-04-03T13:47:02","slug":"yag-kombinasi","status":"publish","type":"page","link":"https:\/\/www.antbirlik.com.tr\/?page_id=1002","title":{"rendered":"Ya\u011f Kombinas\u0131"},"content":{"rendered":"<p>Aspendos Bulvar\u0131 \u00fczerinde bulunan ya\u011f fabrikas\u0131n\u0131n \u015fehir i\u00e7inde kalmas\u0131, Belediyelerin ya\u011f kombinas\u0131n\u0131n \u00e7al\u0131\u015fmas\u0131na m\u00fcsaade etmemesi ve arazinin de ticari sahada kalmas\u0131 nedeniyle Ya\u011f Fabrikam\u0131z yenilenerek Birli\u011fe ait Aksu\u2019da bulunan sanayi alan\u0131na ta\u015f\u0131nm\u0131\u015ft\u0131r. Arsam\u0131z da kat kar\u015f\u0131l\u0131\u011f\u0131 ve kiralama usul\u00fc ile de\u011ferlendirilmi\u015ftir. Aksu \u0130plik Fabrikas\u0131 sahas\u0131nda faaliyette bulunan Ya\u011f Kombinas\u0131nda pamuk \u00e7ekirde\u011finden Bitkisel ya\u011f elde edilmektedir. B\u00f6lgemizde Hayvan yeminde marka olan ANTB\u0130RL\u0130K k\u00fcspesi de Ya\u011f kombinam\u0131z\u0131n en \u00f6nemli \u00fcr\u00fcnlerinden birisidir.<br \/>\nTesis Yap\u0131m Y\u0131l\u0131 : 2007<br \/>\nTesis Alan\u0131 : 67.815 m2<br \/>\nKapal\u0131 Alan : 3.500 m2<\/p>\n<p>Ya\u011f Kombinas\u0131 80 ton\/g\u00fcn \u00e7i\u011fit i\u015fleme kapasitesine sahip olup \u00e7i\u011fit\u2019in yan\u0131nda ay\u00e7i\u00e7e\u011fi, kanola ve soya gibi \u00fcr\u00fcnlerin i\u015flenebilece\u011fi expeller sistemi ile \u00e7al\u0131\u015fmaktad\u0131r.<\/p>\n<p>G\u00fcnl\u00fck : 48 Ton K\u00fcspe<br \/>\n: 12 Ton Ham Pamuk Ya\u011f\u0131<br \/>\n: 10 Ton N\u00f6tr Pamuk Ya\u011f\u0131<br \/>\n: 16 Ton Kap\u00e7\u0131k<br \/>\n: 2,8 Ton Linter \u00fcretilmektedir.<\/p>\n<p>Tesiste Linter-Prese \u00fcnitesi, Sabunhane \u00dcnitesi, N\u00f6tralizasyon \u00dcnitesi ve Buhar Kazan\u0131 \u00dcnitesi bulunmaktad\u0131r. Ayr\u0131ca 1.700 m3\u2019l\u00fck ya\u011f stoklama tank\u0131 mevcuttur. Bunun yan\u0131nda tesisin 10m3\/g\u00fcn kapasiteli Kimyasal-Biyolojik at\u0131k su ar\u0131tma \u00fcnitesi vard\u0131r.<\/p>\n","protected":false},"excerpt":{"rendered":"<p>Aspendos Bulvar\u0131 \u00fczerinde bulunan ya\u011f fabrikas\u0131n\u0131n \u015fehir i\u00e7inde kalmas\u0131, Belediyelerin ya\u011f kombinas\u0131n\u0131n \u00e7al\u0131\u015fmas\u0131na m\u00fcsaade etmemesi ve arazinin de ticari sahada kalmas\u0131 nedeniyle Ya\u011f Fabrikam\u0131z yenilenerek Birli\u011fe ait Aksu\u2019da bulunan sanayi alan\u0131na ta\u015f\u0131nm\u0131\u015ft\u0131r. Arsam\u0131z da kat kar\u015f\u0131l\u0131\u011f\u0131 ve kiralama usul\u00fc ile de\u011ferlendirilmi\u015ftir. Aksu \u0130plik Fabrikas\u0131 sahas\u0131nda faaliyette bulunan Ya\u011f Kombinas\u0131nda pamuk \u00e7ekirde\u011finden Bitkisel ya\u011f elde edilmektedir. [&hellip;]<\/p>\n","protected":false},"author":1,"featured_media":0,"parent":990,"menu_order":0,"comment_status":"closed","ping_status":"closed","template":"","meta":{"ocean_post_layout":"","ocean_both_sidebars_style":"","ocean_both_sidebars_content_width":0,"ocean_both_sidebars_sidebars_width":0,"ocean_sidebar":"","ocean_second_sidebar":"","ocean_disable_margins":"enable","ocean_add_body_class":"","ocean_shortcode_before_top_bar":"","ocean_shortcode_after_top_bar":"","ocean_shortcode_before_header":"","ocean_shortcode_after_header":"","ocean_has_shortcode":"","ocean_shortcode_after_title":"","ocean_shortcode_before_footer_widgets":"","ocean_shortcode_after_footer_widgets":"","ocean_shortcode_before_footer_bottom":"","ocean_shortcode_after_footer_bottom":"","ocean_display_top_bar":"default","ocean_display_header":"default","ocean_header_style":"","ocean_center_header_left_menu":"","ocean_custom_header_template":"","ocean_custom_logo":0,"ocean_custom_retina_logo":0,"ocean_custom_logo_max_width":0,"ocean_custom_logo_tablet_max_width":0,"ocean_custom_logo_mobile_max_width":0,"ocean_custom_logo_max_height":0,"ocean_custom_logo_tablet_max_height":0,"ocean_custom_logo_mobile_max_height":0,"ocean_header_custom_menu":"","ocean_menu_typo_font_family":"","ocean_menu_typo_font_subset":"","ocean_menu_typo_font_size":0,"ocean_menu_typo_font_size_tablet":0,"ocean_menu_typo_font_size_mobile":0,"ocean_menu_typo_font_size_unit":"px","ocean_menu_typo_font_weight":"","ocean_menu_typo_font_weight_tablet":"","ocean_menu_typo_font_weight_mobile":"","ocean_menu_typo_transform":"","ocean_menu_typo_transform_tablet":"","ocean_menu_typo_transform_mobile":"","ocean_menu_typo_line_height":0,"ocean_menu_typo_line_height_tablet":0,"ocean_menu_typo_line_height_mobile":0,"ocean_menu_typo_line_height_unit":"","ocean_menu_typo_spacing":0,"ocean_menu_typo_spacing_tablet":0,"ocean_menu_typo_spacing_mobile":0,"ocean_menu_typo_spacing_unit":"","ocean_menu_link_color":"","ocean_menu_link_color_hover":"","ocean_menu_link_color_active":"","ocean_menu_link_background":"","ocean_menu_link_hover_background":"","ocean_menu_link_active_background":"","ocean_menu_social_links_bg":"","ocean_menu_social_hover_links_bg":"","ocean_menu_social_links_color":"","ocean_menu_social_hover_links_color":"","ocean_disable_title":"default","ocean_disable_heading":"default","ocean_post_title":"","ocean_post_subheading":"","ocean_post_title_style":"","ocean_post_title_background_color":"","ocean_post_title_background":0,"ocean_post_title_bg_image_position":"","ocean_post_title_bg_image_attachment":"","ocean_post_title_bg_image_repeat":"","ocean_post_title_bg_image_size":"","ocean_post_title_height":0,"ocean_post_title_bg_overlay":0.5,"ocean_post_title_bg_overlay_color":"","ocean_disable_breadcrumbs":"default","ocean_breadcrumbs_color":"","ocean_breadcrumbs_separator_color":"","ocean_breadcrumbs_links_color":"","ocean_breadcrumbs_links_hover_color":"","ocean_display_footer_widgets":"default","ocean_display_footer_bottom":"default","ocean_custom_footer_template":"","footnotes":""},"class_list":["post-1002","page","type-page","status-publish","hentry","entry"],"_links":{"self":[{"href":"https:\/\/www.antbirlik.com.tr\/index.php?rest_route=\/wp\/v2\/pages\/1002","targetHints":{"allow":["GET"]}}],"collection":[{"href":"https:\/\/www.antbirlik.com.tr\/index.php?rest_route=\/wp\/v2\/pages"}],"about":[{"href":"https:\/\/www.antbirlik.com.tr\/index.php?rest_route=\/wp\/v2\/types\/page"}],"author":[{"embeddable":true,"href":"https:\/\/www.antbirlik.com.tr\/index.php?rest_route=\/wp\/v2\/users\/1"}],"replies":[{"embeddable":true,"href":"https:\/\/www.antbirlik.com.tr\/index.php?rest_route=%2Fwp%2Fv2%2Fcomments&post=1002"}],"version-history":[{"count":1,"href":"https:\/\/www.antbirlik.com.tr\/index.php?rest_route=\/wp\/v2\/pages\/1002\/revisions"}],"predecessor-version":[{"id":1003,"href":"https:\/\/www.antbirlik.com.tr\/index.php?rest_route=\/wp\/v2\/pages\/1002\/revisions\/1003"}],"up":[{"embeddable":true,"href":"https:\/\/www.antbirlik.com.tr\/index.php?rest_route=\/wp\/v2\/pages\/990"}],"wp:attachment":[{"href":"https:\/\/www.antbirlik.com.tr\/index.php?rest_route=%2Fwp%2Fv2%2Fmedia&parent=1002"}],"curies":[{"name":"wp","href":"https:\/\/api.w.org\/{rel}","templated":true}]}}