{"id":966,"date":"2018-04-03T16:03:12","date_gmt":"2018-04-03T13:03:12","guid":{"rendered":"http:\/\/www.antbirlik.com.tr\/?page_id=966"},"modified":"2025-07-22T13:02:40","modified_gmt":"2025-07-22T10:02:40","slug":"yillara-gore-pamuk-alim-fiyatlari","status":"publish","type":"page","link":"https:\/\/www.antbirlik.com.tr\/?page_id=966","title":{"rendered":"Y\u0131llara G\u00f6re Pamuk Al\u0131m Fiyatlar\u0131"},"content":{"rendered":"\t\t<div data-elementor-type=\"wp-page\" data-elementor-id=\"966\" class=\"elementor elementor-966\" data-elementor-post-type=\"page\">\n\t\t\t\t<div class=\"elementor-element elementor-element-13c631d e-grid e-con-boxed e-con e-parent\" data-id=\"13c631d\" data-element_type=\"container\" data-settings=\"{&quot;background_background&quot;:&quot;classic&quot;}\">\n\t\t\t\t\t<div class=\"e-con-inner\">\n\t\t\t\t<div class=\"elementor-element elementor-element-40c2181 elementor-widget elementor-widget-heading\" data-id=\"40c2181\" data-element_type=\"widget\" data-widget_type=\"heading.default\">\n\t\t\t\t<div class=\"elementor-widget-container\">\n\t\t\t\t\t<h2 class=\"elementor-heading-title elementor-size-default\">PAMUK ALIM VE F\u0130YATLARI<\/h2>\t\t\t\t<\/div>\n\t\t\t\t<\/div>\n\t\t\t\t<div class=\"elementor-element elementor-element-7368324 elementor-widget elementor-widget-text-editor\" data-id=\"7368324\" data-element_type=\"widget\" data-widget_type=\"text-editor.default\">\n\t\t\t\t<div class=\"elementor-widget-container\">\n\t\t\t\t\t\t\t\t\t<p>Antalya\u2019da 1952\u20132016 Y\u0131llar\u0131 Aras\u0131nda Pamuk Al\u0131m Fiyatlar\u0131 ve Miktarlar\u0131<\/p>\t\t\t\t\t\t\t\t<\/div>\n\t\t\t\t<\/div>\n\t\t\t\t\t<\/div>\n\t\t\t\t<\/div>\n\t\t<div class=\"elementor-element elementor-element-dca80b7 e-flex e-con-boxed e-con e-parent\" data-id=\"dca80b7\" data-element_type=\"container\">\n\t\t\t\t\t<div class=\"e-con-inner\">\n\t\t<div class=\"elementor-element elementor-element-a349f01 e-flex e-con-boxed e-con e-child\" data-id=\"a349f01\" data-element_type=\"container\">\n\t\t\t\t\t<div class=\"e-con-inner\">\n\t\t<div class=\"elementor-element elementor-element-5fc0158 e-con-full e-flex e-con e-child\" data-id=\"5fc0158\" data-element_type=\"container\">\n\t\t<div class=\"elementor-element elementor-element-f240fc5 e-con-full e-flex e-con e-child\" data-id=\"f240fc5\" data-element_type=\"container\">\n\t\t\t\t<div class=\"elementor-element elementor-element-526b45f elementor-widget elementor-widget-text-editor\" data-id=\"526b45f\" data-element_type=\"widget\" data-widget_type=\"text-editor.default\">\n\t\t\t\t<div class=\"elementor-widget-container\">\n\t\t\t\t\t\t\t\t\t<p style=\"text-align: center;\">\u00a0<\/p><table><thead><tr><td><p><strong>Y\u0131l<\/strong><\/p><\/td><td><p><strong>Ortalama Fiyat (TL)<\/strong><\/p><\/td><td><p><strong>M\u00fcbayaa Miktar\u0131 (kg)<\/strong><\/p><\/td><\/tr><\/thead><tbody><tr><td><p>1952\/1953<\/p><\/td><td><p>0,82<\/p><\/td><td><p>6.272.266<\/p><\/td><\/tr><tr><td><p>1953\/1954<\/p><\/td><td><p>0,81<\/p><\/td><td><p>6.075.653<\/p><\/td><\/tr><tr><td><p>1954\/1955<\/p><\/td><td><p>1,04<\/p><\/td><td><p>7.763.880<\/p><\/td><\/tr><tr><td><p>1955\/1956<\/p><\/td><td><p>1,18<\/p><\/td><td><p>8.616.668<\/p><\/td><\/tr><tr><td><p>1956\/1957<\/p><\/td><td><p>1,19<\/p><\/td><td><p>11.431.408<\/p><\/td><\/tr><tr><td><p>1957\/1958<\/p><\/td><td><p>2,26<\/p><\/td><td><p>14.702.503<\/p><\/td><\/tr><tr><td><p>1958\/1959<\/p><\/td><td><p>1,95<\/p><\/td><td><p>14.031.330<\/p><\/td><\/tr><tr><td><p>1959\/1960<\/p><\/td><td><p>1,95<\/p><\/td><td><p>15.735.083<\/p><\/td><\/tr><tr><td><p>1960\/1961<\/p><\/td><td><p>2,29<\/p><\/td><td><p>9.919.520<\/p><\/td><\/tr><tr><td><p>1961\/1962<\/p><\/td><td><p>2,26<\/p><\/td><td><p>11.710.219<\/p><\/td><\/tr><tr><td><p>1962\/1963<\/p><\/td><td><p>1,95<\/p><\/td><td><p>10.072.437<\/p><\/td><\/tr><tr><td><p>1963\/1964<\/p><\/td><td><p>2,09<\/p><\/td><td><p>11.458.188<\/p><\/td><\/tr><tr><td><p>1964\/1965<\/p><\/td><td><p>2,08<\/p><\/td><td><p>17.602.028<\/p><\/td><\/tr><tr><td><p>1965\/1966<\/p><\/td><td><p>1,97<\/p><\/td><td><p>26.480.022<\/p><\/td><\/tr><tr><td><p>1966\/1967<\/p><\/td><td><p>2,07<\/p><\/td><td><p>25.112.702<\/p><\/td><\/tr><tr><td><p>1967\/1968<\/p><\/td><td><p>2,31<\/p><\/td><td><p>29.127.889<\/p><\/td><\/tr><tr><td><p>1968\/1969<\/p><\/td><td><p>2,24<\/p><\/td><td><p>69.167.899<\/p><\/td><\/tr><tr><td><p>1969\/1970<\/p><\/td><td><p>2,28<\/p><\/td><td><p>58.722.208<\/p><\/td><\/tr><tr><td><p>1970\/1971<\/p><\/td><td><p>2,96<\/p><\/td><td><p>51.153.494<\/p><\/td><\/tr><tr><td><p>1971\/1972<\/p><\/td><td><p>3,99<\/p><\/td><td><p>48.563.572<\/p><\/td><\/tr><tr><td><p>1972\/1973<\/p><\/td><td><p>4,02<\/p><\/td><td><p>51.946.148<\/p><\/td><\/tr><tr><td><p>1973\/1974<\/p><\/td><td><p>9,77<\/p><\/td><td><p>75.836.815<\/p><\/td><\/tr><tr><td><p>1974\/1975<\/p><\/td><td><p>7,84<\/p><\/td><td><p>124.259.865<\/p><\/td><\/tr><tr><td><p>1975\/1976<\/p><\/td><td><p>7,88<\/p><\/td><td><p>77.452.949<\/p><\/td><\/tr><tr><td><p>1976\/1977<\/p><\/td><td><p>10,63<\/p><\/td><td><p>48.338.878<\/p><\/td><\/tr><tr><td><p>1977\/1978<\/p><\/td><td><p>10,67<\/p><\/td><td><p>78.366.179<\/p><\/td><\/tr><tr><td><p>1978\/1979<\/p><\/td><td><p>15,42<\/p><\/td><td><p>41.473.780<\/p><\/td><\/tr><tr><td><p>1979\/1980<\/p><\/td><td><p>24,45<\/p><\/td><td><p>42.561.019<\/p><\/td><\/tr><tr><td><p>1980\/1981<\/p><\/td><td><p>48,91<\/p><\/td><td><p>52.629.285<\/p><\/td><\/tr><tr><td><p>1981\/1982<\/p><\/td><td><p>61,96<\/p><\/td><td><p>72.476.854<\/p><\/td><\/tr><tr><td><p>1982\/1983<\/p><\/td><td><p>75,90<\/p><\/td><td><p>47.461.754<\/p><\/td><\/tr><tr><td><p>1983\/1984<\/p><\/td><td><p>142,43<\/p><\/td><td><p>44.170.471<\/p><\/td><\/tr><tr><td><p>1984\/1985<\/p><\/td><td><p>202,25<\/p><\/td><td><p>59.196.200<\/p><\/td><\/tr><tr><td><p>1985\/1986<\/p><\/td><td><p>257,11<\/p><\/td><td><p>84.000.608<\/p><\/td><\/tr><tr><td><p>1986\/1987<\/p><\/td><td><p>298,28<\/p><\/td><td><p>44.285.153<\/p><\/td><\/tr><tr><td><p>1987\/1988<\/p><\/td><td><p>627,53<\/p><\/td><td><p>40.907.912<\/p><\/td><\/tr><tr><td><p>1988\/1989<\/p><\/td><td><p>911,97<\/p><\/td><td><p>74.088.222<\/p><\/td><\/tr><tr><td><p>1989\/1990<\/p><\/td><td><p>1.731,04<\/p><\/td><td><p>57.526.638<\/p><\/td><\/tr><tr><td><p>1990\/1991<\/p><\/td><td><p>2.392,02<\/p><\/td><td><p>66.565.299<\/p><\/td><\/tr><tr><td><p>1991\/1992<\/p><\/td><td><p>3.778,20<\/p><\/td><td><p>51.115.720<\/p><\/td><\/tr><tr><td><p>1992\/1993<\/p><\/td><td><p>6.354,23<\/p><\/td><td><p>60.245.877<\/p><\/td><\/tr><tr><td><p>1993\/1994<\/p><\/td><td><p>7.389,18<\/p><\/td><td><p>46.749.883<\/p><\/td><\/tr><tr><td><p>1994\/1995<\/p><\/td><td><p>27.641,19<\/p><\/td><td><p>31.258.411<\/p><\/td><\/tr><tr><td><p>1995\/1996<\/p><\/td><td><p>43.958,86<\/p><\/td><td><p>61.806.242<\/p><\/td><\/tr><tr><td><p>1996\/1997<\/p><\/td><td><p>74.018,07<\/p><\/td><td><p>55.173.535<\/p><\/td><\/tr><tr><td><p>1997\/1998<\/p><\/td><td><p>138.910,15<\/p><\/td><td><p>42.742.615<\/p><\/td><\/tr><tr><td><p>1998\/1999<\/p><\/td><td><p>193.507,00<\/p><\/td><td><p>51.630.191<\/p><\/td><\/tr><tr><td><p>1999\/2000<\/p><\/td><td><p>250.000<\/p><\/td><td><p>51.962.911<\/p><\/td><\/tr><tr><td><p>2000\/2001<\/p><\/td><td><p>432.000<\/p><\/td><td><p>35.742.518<\/p><\/td><\/tr><tr><td><p>2001\/2002<\/p><\/td><td><p>680.000<\/p><\/td><td><p>28.514.120<\/p><\/td><\/tr><tr><td><p>2002\/2003<\/p><\/td><td><p>907.000<\/p><\/td><td><p>31.497.841<\/p><\/td><\/tr><tr><td><p>2003\/2004<\/p><\/td><td><p>1.107.000<\/p><\/td><td><p>27.960.210<\/p><\/td><\/tr><tr><td><p>2004\/2005<\/p><\/td><td><p>900.000<\/p><\/td><td><p>29.337.116<\/p><\/td><\/tr><tr><td><p>2005\/2006<\/p><\/td><td><p>950.000<\/p><\/td><td><p>11.919.393<\/p><\/td><\/tr><tr><td><p>2006\/2007<\/p><\/td><td><p>1.095.000<\/p><\/td><td><p>11.577.959<\/p><\/td><\/tr><tr><td><p>2007\/2008<\/p><\/td><td><p>1.300.000<\/p><\/td><td><p>10.156.746<\/p><\/td><\/tr><tr><td><p>2008\/2009<\/p><\/td><td><p>1.450.000<\/p><\/td><td><p>8.743.024<\/p><\/td><\/tr><tr><td><p>2009\/2010<\/p><\/td><td><p>1.600.000<\/p><\/td><td><p>10.017.332<\/p><\/td><\/tr><tr><td><p>2010\/2011<\/p><\/td><td><p>2.100.000<\/p><\/td><td><p>21.785.191<\/p><\/td><\/tr><tr><td><p>2011\/2012<\/p><\/td><td><p>2.000.000<\/p><\/td><td><p>28.309.285<\/p><\/td><\/tr><tr><td><p>2012\/2013<\/p><\/td><td><p>1.920.000<\/p><\/td><td><p>23.627.203<\/p><\/td><\/tr><tr><td><p>2013\/2014<\/p><\/td><td><p>2.050.000<\/p><\/td><td><p>17.918.831<\/p><\/td><\/tr><tr><td><p>2014\/2015<\/p><\/td><td><p>1.540.000<\/p><\/td><td><p>\u2014<\/p><\/td><\/tr><tr><td><p>2015\/2016<\/p><\/td><td><p>2.364.000<\/p><\/td><td><p>\u2014<\/p><\/td><\/tr><\/tbody><\/table>\t\t\t\t\t\t\t\t<\/div>\n\t\t\t\t<\/div>\n\t\t\t\t<\/div>\n\t\t\t\t<\/div>\n\t\t\t\t\t<\/div>\n\t\t\t\t<\/div>\n\t\t\t\t\t<\/div>\n\t\t\t\t<\/div>\n\t\t\t\t<\/div>\n\t\t","protected":false},"excerpt":{"rendered":"<p>PAMUK ALIM VE F\u0130YATLARI Antalya\u2019da 1952\u20132016 Y\u0131llar\u0131 Aras\u0131nda Pamuk Al\u0131m Fiyatlar\u0131 ve Miktarlar\u0131 \u00a0 Y\u0131l Ortalama Fiyat (TL) M\u00fcbayaa Miktar\u0131 (kg) 1952\/1953 0,82 6.272.266 1953\/1954 0,81 6.075.653 1954\/1955 1,04 7.763.880 1955\/1956 1,18 8.616.668 1956\/1957 1,19 11.431.408 1957\/1958 2,26 14.702.503 1958\/1959 1,95 14.031.330 1959\/1960 1,95 15.735.083 1960\/1961 2,29 9.919.520 1961\/1962 2,26 11.710.219 1962\/1963 1,95 10.072.437 1963\/1964 [&hellip;]<\/p>\n","protected":false},"author":1,"featured_media":0,"parent":964,"menu_order":0,"comment_status":"closed","ping_status":"closed","template":"","meta":{"ocean_post_layout":"","ocean_both_sidebars_style":"","ocean_both_sidebars_content_width":0,"ocean_both_sidebars_sidebars_width":0,"ocean_sidebar":"","ocean_second_sidebar":"","ocean_disable_margins":"enable","ocean_add_body_class":"","ocean_shortcode_before_top_bar":"","ocean_shortcode_after_top_bar":"","ocean_shortcode_before_header":"","ocean_shortcode_after_header":"","ocean_has_shortcode":"","ocean_shortcode_after_title":"","ocean_shortcode_before_footer_widgets":"","ocean_shortcode_after_footer_widgets":"","ocean_shortcode_before_footer_bottom":"","ocean_shortcode_after_footer_bottom":"","ocean_display_top_bar":"default","ocean_display_header":"default","ocean_header_style":"","ocean_center_header_left_menu":"","ocean_custom_header_template":"","ocean_custom_logo":0,"ocean_custom_retina_logo":0,"ocean_custom_logo_max_width":0,"ocean_custom_logo_tablet_max_width":0,"ocean_custom_logo_mobile_max_width":0,"ocean_custom_logo_max_height":0,"ocean_custom_logo_tablet_max_height":0,"ocean_custom_logo_mobile_max_height":0,"ocean_header_custom_menu":"","ocean_menu_typo_font_family":"","ocean_menu_typo_font_subset":"","ocean_menu_typo_font_size":0,"ocean_menu_typo_font_size_tablet":0,"ocean_menu_typo_font_size_mobile":0,"ocean_menu_typo_font_size_unit":"px","ocean_menu_typo_font_weight":"","ocean_menu_typo_font_weight_tablet":"","ocean_menu_typo_font_weight_mobile":"","ocean_menu_typo_transform":"","ocean_menu_typo_transform_tablet":"","ocean_menu_typo_transform_mobile":"","ocean_menu_typo_line_height":0,"ocean_menu_typo_line_height_tablet":0,"ocean_menu_typo_line_height_mobile":0,"ocean_menu_typo_line_height_unit":"","ocean_menu_typo_spacing":0,"ocean_menu_typo_spacing_tablet":0,"ocean_menu_typo_spacing_mobile":0,"ocean_menu_typo_spacing_unit":"","ocean_menu_link_color":"","ocean_menu_link_color_hover":"","ocean_menu_link_color_active":"","ocean_menu_link_background":"","ocean_menu_link_hover_background":"","ocean_menu_link_active_background":"","ocean_menu_social_links_bg":"","ocean_menu_social_hover_links_bg":"","ocean_menu_social_links_color":"","ocean_menu_social_hover_links_color":"","ocean_disable_title":"default","ocean_disable_heading":"default","ocean_post_title":"","ocean_post_subheading":"","ocean_post_title_style":"","ocean_post_title_background_color":"","ocean_post_title_background":0,"ocean_post_title_bg_image_position":"","ocean_post_title_bg_image_attachment":"","ocean_post_title_bg_image_repeat":"","ocean_post_title_bg_image_size":"","ocean_post_title_height":0,"ocean_post_title_bg_overlay":0.5,"ocean_post_title_bg_overlay_color":"","ocean_disable_breadcrumbs":"default","ocean_breadcrumbs_color":"","ocean_breadcrumbs_separator_color":"","ocean_breadcrumbs_links_color":"","ocean_breadcrumbs_links_hover_color":"","ocean_display_footer_widgets":"default","ocean_display_footer_bottom":"default","ocean_custom_footer_template":"","footnotes":""},"class_list":["post-966","page","type-page","status-publish","hentry","entry"],"_links":{"self":[{"href":"https:\/\/www.antbirlik.com.tr\/index.php?rest_route=\/wp\/v2\/pages\/966","targetHints":{"allow":["GET"]}}],"collection":[{"href":"https:\/\/www.antbirlik.com.tr\/index.php?rest_route=\/wp\/v2\/pages"}],"about":[{"href":"https:\/\/www.antbirlik.com.tr\/index.php?rest_route=\/wp\/v2\/types\/page"}],"author":[{"embeddable":true,"href":"https:\/\/www.antbirlik.com.tr\/index.php?rest_route=\/wp\/v2\/users\/1"}],"replies":[{"embeddable":true,"href":"https:\/\/www.antbirlik.com.tr\/index.php?rest_route=%2Fwp%2Fv2%2Fcomments&post=966"}],"version-history":[{"count":4,"href":"https:\/\/www.antbirlik.com.tr\/index.php?rest_route=\/wp\/v2\/pages\/966\/revisions"}],"predecessor-version":[{"id":4278,"href":"https:\/\/www.antbirlik.com.tr\/index.php?rest_route=\/wp\/v2\/pages\/966\/revisions\/4278"}],"up":[{"embeddable":true,"href":"https:\/\/www.antbirlik.com.tr\/index.php?rest_route=\/wp\/v2\/pages\/964"}],"wp:attachment":[{"href":"https:\/\/www.antbirlik.com.tr\/index.php?rest_route=%2Fwp%2Fv2%2Fmedia&parent=966"}],"curies":[{"name":"wp","href":"https:\/\/api.w.org\/{rel}","templated":true}]}}